{"id":285,"date":"2020-12-19T16:45:26","date_gmt":"2020-12-19T16:45:26","guid":{"rendered":"https:\/\/loszuecos.com\/?page_id=282"},"modified":"2023-05-26T18:16:34","modified_gmt":"2023-05-26T16:16:34","slug":"ruta","status":"publish","type":"page","link":"https:\/\/loszuecos.com\/?page_id=285&lang=es","title":{"rendered":"Ruta"},"content":{"rendered":"\n<p class=\"has-normal-font-size\">La direcci\u00f3n de Los Zuecos es: Camino de la Olla n\u00ba 20, Paraje Carlos, parcela 1322, 30648 Macisvenda.A<br>t el inicio de la salida a nuestra casa, hay un letrero de madera con el nombre de calle &#8220;Cno de la Herra, cueva de los tobares&#8221;.<\/p>\n\n\n\n<p class=\"has-normal-font-size\">Los diferentes sistemas de navegaci\u00f3n, direcciones y\/o Google Maps no conocen nuestra direcci\u00f3n. Por lo tanto, e<strong>s <\/strong>necesario el uso de coordenadas GPS. Para ello, utilic<strong>e 38.274067, -1.006058<\/strong> y llegar\u00e1 a la entrada principal de nuestra casa.<\/p>\n\n\n\n<p class=\"has-normal-font-size\">Debido a su ubicaci\u00f3n, es necesario que tenga acceso a un coche (alquiler). <\/p>\n\n\n\n<p class=\"has-normal-font-size\">La direcci\u00f3n de correspondencia es: P.O. Box 13, 30648 Macisvenda (Abanilla, Murcia).<\/p>\n\n\n\n<p><strong>Ruta<\/strong> <\/p>\n\n\n\n<ul>\n<li>Desde Alicante sigue la A7 hasta Elche\/Murcia<\/li>\n\n\n\n<li>En el Elche salida 58 hacia Aspe, la CV84<\/li>\n\n\n\n<li>En la rotonda tomar la tercera salida a Murcia\/Crevillent. Es el N325<\/li>\n\n\n\n<li>En la siguiente rotonda tome la primera salida a &#8220;Hondon de las Nieves&#8221;. \u00bfEs el CV845<\/li>\n\n\n\n<li>La carretera (CV845) contin\u00faa siendo continuada por &#8220;Hondon de las Nieves&#8221;, &#8220;Hondon de las Frailes&#8221; y &#8220;Barbarroja&#8221;.<\/li>\n\n\n\n<li>Despu\u00e9s de Barbarroja, la CV845 pasa a la RM410 (habr\u00e1s llegado a la Regi\u00f3n de Murcia). <\/li>\n\n\n\n<li>Carretera de unos 3 a 4 km siguen siguiendo hacia Macisvenda\/Barinas hasta el pasado km polo 8 y justo antes del km polo 7 vuelta a la derecha, donde justo despu\u00e9s de la salida se ve el cartel de madera llamado &#8220;Cno de la Herra, cueva de los tobares&#8221;. Todav\u00eda est\u00e1s a unos 900 metros de nuestra casa<\/li>\n\n\n\n<li>El camino de acceso est\u00e1 bien pavimentado. S\u00f3lo sigue recto hacia arriba y contin\u00faa conduciendo recto. En la uni\u00f3n Y no gire a la izquierda, pero mantenga en el lado derecho hacia arriba. Despu\u00e9s de la uni\u00f3n en Y somos la tercera casa a la izquierda (con pared blanca a jard\u00edn). La tercera puerta el\u00e9ctrica es nuestra entrada principal.<\/li>\n<\/ul>\n\n\n\n<p><strong>GPS: 38.274067, -1.006058.<\/strong><\/p>\n\n\n\n<p><em><strong>Utilice (alquiler) coche necesario.<\/strong><\/em><\/p>\n\n\n\n<figure class=\"wp-block-gallery has-nested-images columns-default is-cropped wp-block-gallery-2 is-layout-flex wp-block-gallery-is-layout-flex\">\n<figure class=\"wp-block-image size-large\"><img loading=\"lazy\" decoding=\"async\" width=\"1024\" height=\"768\" data-attachment-id=\"510\" data-permalink=\"https:\/\/loszuecos.com\/?attachment_id=510\" data-orig-file=\"https:\/\/i0.wp.com\/loszuecos.com\/wp-content\/uploads\/2020\/12\/IMG_0304-1-scaled.jpg?fit=2560%2C1920&amp;ssl=1\" data-orig-size=\"2560,1920\" data-comments-opened=\"1\" data-image-meta=\"{&quot;aperture&quot;:&quot;0&quot;,&quot;credit&quot;:&quot;&quot;,&quot;camera&quot;:&quot;&quot;,&quot;caption&quot;:&quot;&quot;,&quot;created_timestamp&quot;:&quot;1608497001&quot;,&quot;copyright&quot;:&quot;&quot;,&quot;focal_length&quot;:&quot;0&quot;,&quot;iso&quot;:&quot;0&quot;,&quot;shutter_speed&quot;:&quot;0&quot;,&quot;title&quot;:&quot;&quot;,&quot;orientation&quot;:&quot;0&quot;}\" data-image-title=\"\" data-image-description=\"\" data-image-caption=\"\" data-medium-file=\"https:\/\/i0.wp.com\/loszuecos.com\/wp-content\/uploads\/2020\/12\/IMG_0304-1-scaled.jpg?fit=300%2C225&amp;ssl=1\" data-large-file=\"https:\/\/i0.wp.com\/loszuecos.com\/wp-content\/uploads\/2020\/12\/IMG_0304-1-scaled.jpg?fit=1024%2C768&amp;ssl=1\" data-id=\"510\" src=\"https:\/\/i0.wp.com\/loszuecos.com\/wp-content\/uploads\/2020\/12\/IMG_0304-1.jpg?resize=1024%2C768&#038;ssl=1\" alt=\"\" class=\"wp-image-510\" srcset=\"https:\/\/i0.wp.com\/loszuecos.com\/wp-content\/uploads\/2020\/12\/IMG_0304-1-scaled.jpg?resize=1024%2C768&amp;ssl=1 1024w, https:\/\/i0.wp.com\/loszuecos.com\/wp-content\/uploads\/2020\/12\/IMG_0304-1-scaled.jpg?resize=300%2C225&amp;ssl=1 300w, https:\/\/i0.wp.com\/loszuecos.com\/wp-content\/uploads\/2020\/12\/IMG_0304-1-scaled.jpg?resize=768%2C576&amp;ssl=1 768w, https:\/\/i0.wp.com\/loszuecos.com\/wp-content\/uploads\/2020\/12\/IMG_0304-1-scaled.jpg?resize=1536%2C1152&amp;ssl=1 1536w, https:\/\/i0.wp.com\/loszuecos.com\/wp-content\/uploads\/2020\/12\/IMG_0304-1-scaled.jpg?resize=2048%2C1536&amp;ssl=1 2048w\" sizes=\"(max-width: 1000px) 100vw, 1000px\" data-recalc-dims=\"1\" \/><\/figure>\n\n\n\n<figure class=\"wp-block-image size-large\"><img loading=\"lazy\" decoding=\"async\" width=\"1024\" height=\"768\" data-attachment-id=\"600\" data-permalink=\"https:\/\/loszuecos.com\/?attachment_id=600\" data-orig-file=\"https:\/\/i0.wp.com\/loszuecos.com\/wp-content\/uploads\/2020\/12\/IMG_0301-1-scaled.jpg?fit=2560%2C1920&amp;ssl=1\" data-orig-size=\"2560,1920\" data-comments-opened=\"1\" data-image-meta=\"{&quot;aperture&quot;:&quot;3&quot;,&quot;credit&quot;:&quot;&quot;,&quot;camera&quot;:&quot;HMX-U10&quot;,&quot;caption&quot;:&quot;&quot;,&quot;created_timestamp&quot;:&quot;1519151214&quot;,&quot;copyright&quot;:&quot;&quot;,&quot;focal_length&quot;:&quot;7.9&quot;,&quot;iso&quot;:&quot;100&quot;,&quot;shutter_speed&quot;:&quot;0.033333333333333&quot;,&quot;title&quot;:&quot;&quot;,&quot;orientation&quot;:&quot;0&quot;}\" data-image-title=\"\" data-image-description=\"\" data-image-caption=\"\" data-medium-file=\"https:\/\/i0.wp.com\/loszuecos.com\/wp-content\/uploads\/2020\/12\/IMG_0301-1-scaled.jpg?fit=300%2C225&amp;ssl=1\" data-large-file=\"https:\/\/i0.wp.com\/loszuecos.com\/wp-content\/uploads\/2020\/12\/IMG_0301-1-scaled.jpg?fit=1024%2C768&amp;ssl=1\" data-id=\"600\" src=\"https:\/\/i0.wp.com\/loszuecos.com\/wp-content\/uploads\/2020\/12\/IMG_0301-1.jpg?resize=1024%2C768&#038;ssl=1\" alt=\"\" class=\"wp-image-600\" srcset=\"https:\/\/i0.wp.com\/loszuecos.com\/wp-content\/uploads\/2020\/12\/IMG_0301-1-scaled.jpg?resize=1024%2C768&amp;ssl=1 1024w, https:\/\/i0.wp.com\/loszuecos.com\/wp-content\/uploads\/2020\/12\/IMG_0301-1-scaled.jpg?resize=300%2C225&amp;ssl=1 300w, https:\/\/i0.wp.com\/loszuecos.com\/wp-content\/uploads\/2020\/12\/IMG_0301-1-scaled.jpg?resize=768%2C576&amp;ssl=1 768w, https:\/\/i0.wp.com\/loszuecos.com\/wp-content\/uploads\/2020\/12\/IMG_0301-1-scaled.jpg?resize=1536%2C1152&amp;ssl=1 1536w, https:\/\/i0.wp.com\/loszuecos.com\/wp-content\/uploads\/2020\/12\/IMG_0301-1-scaled.jpg?resize=2048%2C1536&amp;ssl=1 2048w\" sizes=\"(max-width: 1000px) 100vw, 1000px\" data-recalc-dims=\"1\" \/><\/figure>\n\n\n\n<figure class=\"wp-block-image size-large\"><img loading=\"lazy\" decoding=\"async\" width=\"1024\" height=\"768\" data-attachment-id=\"508\" data-permalink=\"https:\/\/loszuecos.com\/?attachment_id=508\" data-orig-file=\"https:\/\/i0.wp.com\/loszuecos.com\/wp-content\/uploads\/2020\/12\/IMG_0302-1-scaled.jpg?fit=2560%2C1920&amp;ssl=1\" data-orig-size=\"2560,1920\" data-comments-opened=\"1\" data-image-meta=\"{&quot;aperture&quot;:&quot;0&quot;,&quot;credit&quot;:&quot;&quot;,&quot;camera&quot;:&quot;&quot;,&quot;caption&quot;:&quot;&quot;,&quot;created_timestamp&quot;:&quot;1608497001&quot;,&quot;copyright&quot;:&quot;&quot;,&quot;focal_length&quot;:&quot;0&quot;,&quot;iso&quot;:&quot;0&quot;,&quot;shutter_speed&quot;:&quot;0&quot;,&quot;title&quot;:&quot;&quot;,&quot;orientation&quot;:&quot;0&quot;}\" data-image-title=\"\" data-image-description=\"\" data-image-caption=\"\" data-medium-file=\"https:\/\/i0.wp.com\/loszuecos.com\/wp-content\/uploads\/2020\/12\/IMG_0302-1-scaled.jpg?fit=300%2C225&amp;ssl=1\" data-large-file=\"https:\/\/i0.wp.com\/loszuecos.com\/wp-content\/uploads\/2020\/12\/IMG_0302-1-scaled.jpg?fit=1024%2C768&amp;ssl=1\" data-id=\"508\" src=\"https:\/\/i0.wp.com\/loszuecos.com\/wp-content\/uploads\/2020\/12\/IMG_0302-1.jpg?resize=1024%2C768&#038;ssl=1\" alt=\"\" class=\"wp-image-508\" srcset=\"https:\/\/i0.wp.com\/loszuecos.com\/wp-content\/uploads\/2020\/12\/IMG_0302-1-scaled.jpg?resize=1024%2C768&amp;ssl=1 1024w, https:\/\/i0.wp.com\/loszuecos.com\/wp-content\/uploads\/2020\/12\/IMG_0302-1-scaled.jpg?resize=300%2C225&amp;ssl=1 300w, https:\/\/i0.wp.com\/loszuecos.com\/wp-content\/uploads\/2020\/12\/IMG_0302-1-scaled.jpg?resize=768%2C576&amp;ssl=1 768w, https:\/\/i0.wp.com\/loszuecos.com\/wp-content\/uploads\/2020\/12\/IMG_0302-1-scaled.jpg?resize=1536%2C1152&amp;ssl=1 1536w, https:\/\/i0.wp.com\/loszuecos.com\/wp-content\/uploads\/2020\/12\/IMG_0302-1-scaled.jpg?resize=2048%2C1536&amp;ssl=1 2048w\" sizes=\"(max-width: 1000px) 100vw, 1000px\" data-recalc-dims=\"1\" \/><\/figure>\n\n\n\n<figure class=\"wp-block-image size-large\"><img loading=\"lazy\" decoding=\"async\" width=\"768\" height=\"1024\" data-attachment-id=\"1039\" data-permalink=\"https:\/\/loszuecos.com\/?attachment_id=1039\" data-orig-file=\"https:\/\/i0.wp.com\/loszuecos.com\/wp-content\/uploads\/2021\/05\/IMG_5701.jpeg?fit=1240%2C1654&amp;ssl=1\" data-orig-size=\"1240,1654\" data-comments-opened=\"1\" data-image-meta=\"{&quot;aperture&quot;:&quot;2&quot;,&quot;credit&quot;:&quot;&quot;,&quot;camera&quot;:&quot;iPhone 11 Pro Max&quot;,&quot;caption&quot;:&quot;&quot;,&quot;created_timestamp&quot;:&quot;1620319255&quot;,&quot;copyright&quot;:&quot;&quot;,&quot;focal_length&quot;:&quot;6&quot;,&quot;iso&quot;:&quot;20&quot;,&quot;shutter_speed&quot;:&quot;0.00058411214953271&quot;,&quot;title&quot;:&quot;&quot;,&quot;orientation&quot;:&quot;1&quot;}\" data-image-title=\"\" data-image-description=\"\" data-image-caption=\"\" data-medium-file=\"https:\/\/i0.wp.com\/loszuecos.com\/wp-content\/uploads\/2021\/05\/IMG_5701.jpeg?fit=225%2C300&amp;ssl=1\" data-large-file=\"https:\/\/i0.wp.com\/loszuecos.com\/wp-content\/uploads\/2021\/05\/IMG_5701.jpeg?fit=768%2C1024&amp;ssl=1\" data-id=\"1039\" src=\"https:\/\/i0.wp.com\/loszuecos.com\/wp-content\/uploads\/2021\/05\/IMG_5701.jpeg?resize=768%2C1024&#038;ssl=1\" alt=\"\" class=\"wp-image-1039\" srcset=\"https:\/\/i0.wp.com\/loszuecos.com\/wp-content\/uploads\/2021\/05\/IMG_5701.jpeg?resize=768%2C1024&amp;ssl=1 768w, https:\/\/i0.wp.com\/loszuecos.com\/wp-content\/uploads\/2021\/05\/IMG_5701.jpeg?resize=225%2C300&amp;ssl=1 225w, https:\/\/i0.wp.com\/loszuecos.com\/wp-content\/uploads\/2021\/05\/IMG_5701.jpeg?resize=1152%2C1536&amp;ssl=1 1152w, https:\/\/i0.wp.com\/loszuecos.com\/wp-content\/uploads\/2021\/05\/IMG_5701.jpeg?w=1240&amp;ssl=1 1240w\" sizes=\"(max-width: 768px) 100vw, 768px\" data-recalc-dims=\"1\" \/><\/figure>\n\n\n\n<figure class=\"wp-block-image size-large\"><img loading=\"lazy\" decoding=\"async\" width=\"560\" height=\"756\" data-attachment-id=\"511\" data-permalink=\"https:\/\/loszuecos.com\/?attachment_id=511\" data-orig-file=\"https:\/\/i0.wp.com\/loszuecos.com\/wp-content\/uploads\/2020\/12\/131568720_428623531850494_8559247108150131725_n.jpg?fit=560%2C756&amp;ssl=1\" data-orig-size=\"560,756\" data-comments-opened=\"1\" data-image-meta=\"{&quot;aperture&quot;:&quot;0&quot;,&quot;credit&quot;:&quot;&quot;,&quot;camera&quot;:&quot;&quot;,&quot;caption&quot;:&quot;&quot;,&quot;created_timestamp&quot;:&quot;0&quot;,&quot;copyright&quot;:&quot;&quot;,&quot;focal_length&quot;:&quot;0&quot;,&quot;iso&quot;:&quot;0&quot;,&quot;shutter_speed&quot;:&quot;0&quot;,&quot;title&quot;:&quot;&quot;,&quot;orientation&quot;:&quot;0&quot;}\" data-image-title=\"\" data-image-description=\"\" data-image-caption=\"\" data-medium-file=\"https:\/\/i0.wp.com\/loszuecos.com\/wp-content\/uploads\/2020\/12\/131568720_428623531850494_8559247108150131725_n.jpg?fit=222%2C300&amp;ssl=1\" data-large-file=\"https:\/\/i0.wp.com\/loszuecos.com\/wp-content\/uploads\/2020\/12\/131568720_428623531850494_8559247108150131725_n.jpg?fit=560%2C756&amp;ssl=1\" data-id=\"511\" src=\"https:\/\/i0.wp.com\/loszuecos.com\/wp-content\/uploads\/2020\/12\/131568720_428623531850494_8559247108150131725_n.jpg?resize=560%2C756&#038;ssl=1\" alt=\"\" class=\"wp-image-511\" srcset=\"https:\/\/i0.wp.com\/loszuecos.com\/wp-content\/uploads\/2020\/12\/131568720_428623531850494_8559247108150131725_n.jpg?w=560&amp;ssl=1 560w, https:\/\/i0.wp.com\/loszuecos.com\/wp-content\/uploads\/2020\/12\/131568720_428623531850494_8559247108150131725_n.jpg?resize=222%2C300&amp;ssl=1 222w\" sizes=\"(max-width: 560px) 100vw, 560px\" data-recalc-dims=\"1\" \/><\/figure>\n\n\n\n<figure class=\"wp-block-image size-large\"><img loading=\"lazy\" decoding=\"async\" width=\"1024\" height=\"680\" data-attachment-id=\"1040\" data-permalink=\"https:\/\/loszuecos.com\/?attachment_id=1040\" data-orig-file=\"https:\/\/i0.wp.com\/loszuecos.com\/wp-content\/uploads\/2021\/05\/DSC03400.jpeg?fit=1240%2C824&amp;ssl=1\" data-orig-size=\"1240,824\" data-comments-opened=\"1\" data-image-meta=\"{&quot;aperture&quot;:&quot;11&quot;,&quot;credit&quot;:&quot;&quot;,&quot;camera&quot;:&quot;SLT-A55V&quot;,&quot;caption&quot;:&quot;SONY DSC&quot;,&quot;created_timestamp&quot;:&quot;1620327201&quot;,&quot;copyright&quot;:&quot;&quot;,&quot;focal_length&quot;:&quot;18&quot;,&quot;iso&quot;:&quot;100&quot;,&quot;shutter_speed&quot;:&quot;0.005&quot;,&quot;title&quot;:&quot;SONY DSC&quot;,&quot;orientation&quot;:&quot;1&quot;}\" data-image-title=\"\" data-image-description=\"\" data-image-caption=\"\" data-medium-file=\"https:\/\/i0.wp.com\/loszuecos.com\/wp-content\/uploads\/2021\/05\/DSC03400.jpeg?fit=300%2C199&amp;ssl=1\" data-large-file=\"https:\/\/i0.wp.com\/loszuecos.com\/wp-content\/uploads\/2021\/05\/DSC03400.jpeg?fit=1024%2C680&amp;ssl=1\" data-id=\"1040\" src=\"https:\/\/i0.wp.com\/loszuecos.com\/wp-content\/uploads\/2021\/05\/DSC03400.jpeg?resize=1024%2C680&#038;ssl=1\" alt=\"\" class=\"wp-image-1040\" srcset=\"https:\/\/i0.wp.com\/loszuecos.com\/wp-content\/uploads\/2021\/05\/DSC03400.jpeg?resize=1024%2C680&amp;ssl=1 1024w, https:\/\/i0.wp.com\/loszuecos.com\/wp-content\/uploads\/2021\/05\/DSC03400.jpeg?resize=300%2C199&amp;ssl=1 300w, https:\/\/i0.wp.com\/loszuecos.com\/wp-content\/uploads\/2021\/05\/DSC03400.jpeg?resize=768%2C510&amp;ssl=1 768w, https:\/\/i0.wp.com\/loszuecos.com\/wp-content\/uploads\/2021\/05\/DSC03400.jpeg?w=1240&amp;ssl=1 1240w\" sizes=\"(max-width: 1000px) 100vw, 1000px\" data-recalc-dims=\"1\" \/><\/figure>\n\n\n\n<figure class=\"wp-block-image size-large\"><img loading=\"lazy\" decoding=\"async\" width=\"1024\" height=\"683\" data-attachment-id=\"1041\" data-permalink=\"https:\/\/loszuecos.com\/?attachment_id=1041\" data-orig-file=\"https:\/\/i0.wp.com\/loszuecos.com\/wp-content\/uploads\/2021\/05\/P1090269.jpeg?fit=1240%2C827&amp;ssl=1\" data-orig-size=\"1240,827\" data-comments-opened=\"1\" data-image-meta=\"{&quot;aperture&quot;:&quot;5.6&quot;,&quot;credit&quot;:&quot;&quot;,&quot;camera&quot;:&quot;DC-FZ82&quot;,&quot;caption&quot;:&quot;&quot;,&quot;created_timestamp&quot;:&quot;1620321024&quot;,&quot;copyright&quot;:&quot;&quot;,&quot;focal_length&quot;:&quot;3.6&quot;,&quot;iso&quot;:&quot;80&quot;,&quot;shutter_speed&quot;:&quot;0.00125&quot;,&quot;title&quot;:&quot;&quot;,&quot;orientation&quot;:&quot;1&quot;}\" data-image-title=\"\" data-image-description=\"\" data-image-caption=\"\" data-medium-file=\"https:\/\/i0.wp.com\/loszuecos.com\/wp-content\/uploads\/2021\/05\/P1090269.jpeg?fit=300%2C200&amp;ssl=1\" data-large-file=\"https:\/\/i0.wp.com\/loszuecos.com\/wp-content\/uploads\/2021\/05\/P1090269.jpeg?fit=1024%2C683&amp;ssl=1\" data-id=\"1041\" src=\"https:\/\/i0.wp.com\/loszuecos.com\/wp-content\/uploads\/2021\/05\/P1090269.jpeg?resize=1024%2C683&#038;ssl=1\" alt=\"\" class=\"wp-image-1041\" srcset=\"https:\/\/i0.wp.com\/loszuecos.com\/wp-content\/uploads\/2021\/05\/P1090269.jpeg?resize=1024%2C683&amp;ssl=1 1024w, https:\/\/i0.wp.com\/loszuecos.com\/wp-content\/uploads\/2021\/05\/P1090269.jpeg?resize=300%2C200&amp;ssl=1 300w, https:\/\/i0.wp.com\/loszuecos.com\/wp-content\/uploads\/2021\/05\/P1090269.jpeg?resize=768%2C512&amp;ssl=1 768w, https:\/\/i0.wp.com\/loszuecos.com\/wp-content\/uploads\/2021\/05\/P1090269.jpeg?w=1240&amp;ssl=1 1240w\" sizes=\"(max-width: 1000px) 100vw, 1000px\" data-recalc-dims=\"1\" \/><\/figure>\n<\/figure>\n","protected":false},"excerpt":{"rendered":"<p>La direcci\u00f3n de Los Zuecos es: Camino de la Olla n\u00ba 20, Paraje Carlos, parcela 1322, 30648 Macisvenda.At el inicio de la salida a nuestra casa, hay un letrero de madera con el nombre de calle &#8220;Cno de la Herra, cueva de los tobares&#8221;. Los diferentes sistemas de navegaci\u00f3n, direcciones y\/o Google Maps no conocen &hellip;<\/p>\n<p class=\"read-more\"> <a class=\"\" href=\"https:\/\/loszuecos.com\/?page_id=285&#038;lang=es\"> <span class=\"screen-reader-text\">Ruta<\/span> Lees verder &raquo;<\/a><\/p>\n","protected":false},"author":1,"featured_media":0,"parent":0,"menu_order":0,"comment_status":"closed","ping_status":"closed","template":"","meta":{"footnotes":"","_joinchat":[]},"jetpack_sharing_enabled":true,"_links":{"self":[{"href":"https:\/\/loszuecos.com\/index.php?rest_route=\/wp\/v2\/pages\/285"}],"collection":[{"href":"https:\/\/loszuecos.com\/index.php?rest_route=\/wp\/v2\/pages"}],"about":[{"href":"https:\/\/loszuecos.com\/index.php?rest_route=\/wp\/v2\/types\/page"}],"author":[{"embeddable":true,"href":"https:\/\/loszuecos.com\/index.php?rest_route=\/wp\/v2\/users\/1"}],"replies":[{"embeddable":true,"href":"https:\/\/loszuecos.com\/index.php?rest_route=%2Fwp%2Fv2%2Fcomments&post=285"}],"version-history":[{"count":13,"href":"https:\/\/loszuecos.com\/index.php?rest_route=\/wp\/v2\/pages\/285\/revisions"}],"predecessor-version":[{"id":1410,"href":"https:\/\/loszuecos.com\/index.php?rest_route=\/wp\/v2\/pages\/285\/revisions\/1410"}],"wp:attachment":[{"href":"https:\/\/loszuecos.com\/index.php?rest_route=%2Fwp%2Fv2%2Fmedia&parent=285"}],"curies":[{"name":"wp","href":"https:\/\/api.w.org\/{rel}","templated":true}]}}