{"id":265,"date":"2020-12-19T16:10:36","date_gmt":"2020-12-19T16:10:36","guid":{"rendered":"https:\/\/loszuecos.com\/?page_id=262"},"modified":"2025-12-16T22:17:11","modified_gmt":"2025-12-16T20:17:11","slug":"precios","status":"publish","type":"page","link":"https:\/\/loszuecos.com\/?page_id=265&lang=es","title":{"rendered":"Precios"},"content":{"rendered":"\n<figure class=\"wp-block-table is-style-regular\"><table><thead><tr><th>Tipo de habitaci\u00f3n<\/th><th>Precio<\/th><th>Desayuno incluido<\/th><\/tr><\/thead><tbody><tr><td>Habitaci\u00f3n doble est\u00e1ndar (en julio, agosto y septiembre estancia m\u00ednima 2 noches)<\/td><td>67,50 euros<\/td><td>S\u00ed<\/td><\/tr><tr><td>Habitaci\u00f3n doble de lujo (en julio, agosto y septiembre estancia m\u00ednima 2 noches)<\/td><td>77,50 euros<\/td><td>S\u00ed<\/td><\/tr><tr><td>Apartamento de dos habitaciones 2-4 personas (estancia m\u00ednima 2 noches)<\/td><td>82,50 \u20ac <br>para ocupaci\u00f3n por 2 personas<\/td><td>no (desayuno 6,50 p.p.p.<br> por d\u00eda de reserva previa)<\/td><\/tr><tr><td>Apartamento de dos habitaciones 2-4 personas (estancia m\u00ednima 2 noches)<\/td><td>\u20ac 120,00 <br>para ocupaci\u00f3n por 4 personas<\/td><td>no (desayuno 6,50 p.p.p.<br> por d\u00eda de reserva previa)<\/td><\/tr><\/tbody><\/table><\/figure>\n\n\n\n<p>Los precios son por habitaci\u00f3n y noche para 2 personas. <\/p>\n\n\n\n<h6 class=\"wp-block-heading\">*Los precios anteriores est\u00e1n sujetos a errores tipogr\u00e1ficos y cambios de precios.<\/h6>\n\n\n\n<h3 class=\"wp-block-heading\">Check-in &#8211; check-out<\/h3>\n\n\n\n<p>Registro de entrada entre las 15:00 y las 23:00<br>Salida entre las 10:00 y las 10:30<\/p>\n\n\n\n<h3 class=\"wp-block-heading\">Desayuno<\/h3>\n\n\n\n<p>De lunes a viernes de 8:00 am a 9:30 am<br>S\u00e1bado y domingo entre las 8.30 y las 10.00 horas<\/p>\n\n\n\n<h3 class=\"wp-block-heading\">Pago<\/h3>\n\n\n\n<p>Efectivo al momento de la estad\u00eda en Los Zuecos.<br>Tambi\u00e9n es posible realizar pagos mediante PIN. En este caso cobramos un recargo de 2,00 \u20ac.<\/p>\n\n\n\n<p><\/p>\n","protected":false},"excerpt":{"rendered":"<p>Tipo de habitaci\u00f3n Precio Desayuno incluido Habitaci\u00f3n doble est\u00e1ndar (en julio, agosto y septiembre estancia m\u00ednima 2 noches) 67,50 euros S\u00ed Habitaci\u00f3n doble de lujo (en julio, agosto y septiembre estancia m\u00ednima 2 noches) 77,50 euros S\u00ed Apartamento de dos habitaciones 2-4 personas (estancia m\u00ednima 2 noches) 82,50 \u20ac para ocupaci\u00f3n por 2 personas no &hellip;<\/p>\n<p class=\"read-more\"> <a class=\"\" href=\"https:\/\/loszuecos.com\/?page_id=265&#038;lang=es\"> <span class=\"screen-reader-text\">Precios<\/span> Lees verder &raquo;<\/a><\/p>\n","protected":false},"author":1,"featured_media":0,"parent":0,"menu_order":0,"comment_status":"closed","ping_status":"closed","template":"","meta":{"footnotes":"","_joinchat":[]},"jetpack_sharing_enabled":true,"_links":{"self":[{"href":"https:\/\/loszuecos.com\/index.php?rest_route=\/wp\/v2\/pages\/265"}],"collection":[{"href":"https:\/\/loszuecos.com\/index.php?rest_route=\/wp\/v2\/pages"}],"about":[{"href":"https:\/\/loszuecos.com\/index.php?rest_route=\/wp\/v2\/types\/page"}],"author":[{"embeddable":true,"href":"https:\/\/loszuecos.com\/index.php?rest_route=\/wp\/v2\/users\/1"}],"replies":[{"embeddable":true,"href":"https:\/\/loszuecos.com\/index.php?rest_route=%2Fwp%2Fv2%2Fcomments&post=265"}],"version-history":[{"count":14,"href":"https:\/\/loszuecos.com\/index.php?rest_route=\/wp\/v2\/pages\/265\/revisions"}],"predecessor-version":[{"id":1527,"href":"https:\/\/loszuecos.com\/index.php?rest_route=\/wp\/v2\/pages\/265\/revisions\/1527"}],"wp:attachment":[{"href":"https:\/\/loszuecos.com\/index.php?rest_route=%2Fwp%2Fv2%2Fmedia&parent=265"}],"curies":[{"name":"wp","href":"https:\/\/api.w.org\/{rel}","templated":true}]}}